{"id":3916,"date":"2019-11-22T18:59:50","date_gmt":"2019-11-23T00:59:50","guid":{"rendered":"https:\/\/trabajosocial.usac.edu.gt\/wordpress\/?page_id=3916"},"modified":"2020-10-08T13:56:53","modified_gmt":"2020-10-08T19:56:53","slug":"pub2016","status":"publish","type":"page","link":"https:\/\/trabajosocial.usac.edu.gt\/?page_id=3916","title":{"rendered":"Publicaciones A\u00f1o 2016"},"content":{"rendered":"<table cellspacing=\"0\" cellpadding=\"0\">\n<tbody>\n<tr>\n<td colspan=\"3\" height=\"47\">\n<div class=\"style20\" align=\"center\">\n<p class=\"style31\">PUBLICACIONES INSTITUTO DE INVESTIGACIONES<\/p>\n<p class=\"style31\">T.S. ANGELA AYALA<\/p>\n<p>&nbsp;<\/p>\n<\/div>\n<\/td>\n<\/tr>\n<tr>\n<td bgcolor=\"#000000\" width=\"93\" height=\"26\">\n<div align=\"center\"><span class=\"style24\">ORDEN<\/span><\/div>\n<\/td>\n<td bgcolor=\"#000000\">\n<div align=\"center\"><span class=\"style24\">TITULO<\/span><\/div>\n<\/td>\n<td bgcolor=\"#000000\" width=\"96\"><span class=\"style24\">PDF<\/span><\/td>\n<\/tr>\n<tr>\n<td height=\"26\">\n<div align=\"center\">1<\/div>\n<\/td>\n<td width=\"597\">An\u00e1lisis de la ense\u00f1anza de la metodolog\u00eda de Trabajo Social, en la Escuela de Trabajo Social, Campus Centra, USAC<\/td>\n<td><a href=\"http:\/\/ls3.usac.edu.gt\/trabajosocial\/iiets\/Pub201601.pdf\">Pub201601.pdf<\/a><\/td>\n<\/tr>\n<tr>\n<td bgcolor=\"#999999\" height=\"26\">\n<div align=\"center\">2<\/div>\n<\/td>\n<td bgcolor=\"#999999\" width=\"597\">An\u00e1lisis del rendimiento acad\u00e9mico del estudiante de la cohorte 2012-2016 del<br \/>\nModelo de Formaci\u00f3n por Competencias de la Escuela de Trabajo social de la<br \/>\nUniversidad de San Carlos de Guatemala Estudio Longitudinal<\/td>\n<td bgcolor=\"#999999\"><a href=\"http:\/\/ls3.usac.edu.gt\/trabajosocial\/iiets\/Pub201602.pdf\">Pub201602.pdf<\/a><\/td>\n<\/tr>\n<tr>\n<td height=\"26\">\n<div align=\"center\">3<\/div>\n<\/td>\n<td width=\"597\">Ejercicio profesional del Trabajo Social en<br \/>\nJuzgado el Juzgado de Primera Instancia de familia del municipio de Mixco<\/td>\n<td><a href=\"http:\/\/ls3.usac.edu.gt\/trabajosocial\/iiets\/Pub201603.pdf\">Pub201603.pdf<\/a><\/td>\n<\/tr>\n<tr>\n<td bgcolor=\"#999999\" height=\"26\">\n<div class=\"style30\" align=\"center\">4<\/div>\n<\/td>\n<td bgcolor=\"#999999\" width=\"597\">Incidencia de los mapas cognitivos en la pr\u00e1ctica docente a la luz de<br \/>\nlos paradigmas de las teor\u00edas del aprendizaje\u201d<\/td>\n<td bgcolor=\"#999999\"><span class=\"style30\"><a href=\"http:\/\/ls3.usac.edu.gt\/trabajosocial\/iiets\/Pub201604.pdf\">Pub201604.pdf<\/a><\/span><\/td>\n<\/tr>\n<tr>\n<td height=\"26\">\n<div align=\"center\">5<\/div>\n<\/td>\n<td width=\"597\">Influencia de tendencias te\u00f3ricas en la formaci\u00f3n profesional de la Escuela de Trabajo<br \/>\nSocial de la Universidad de San Carlos de Guatemala.<\/td>\n<td><a href=\"http:\/\/ls3.usac.edu.gt\/trabajosocial\/iiets\/Pub201605.pdf\">Pub201605.pdf<\/a><\/td>\n<\/tr>\n<tr>\n<td bgcolor=\"#999999\" height=\"26\">\n<div align=\"center\">6<\/div>\n<\/td>\n<td bgcolor=\"#999999\" width=\"597\">Percepciones de Trabajo Social en la Regi\u00f3n VIII departamento de Peten, de la Rep\u00fablica de Guatemala<\/td>\n<td bgcolor=\"#999999\"><a href=\"http:\/\/ls3.usac.edu.gt\/trabajosocial\/iiets\/Pub201606.pdf\">Pub201606.pdf<\/a><\/td>\n<\/tr>\n<tr>\n<td height=\"26\">\n<div align=\"center\">7<\/div>\n<\/td>\n<td width=\"597\">Poblaci\u00f3n estudiantil en situaci\u00f3n de discapacidad en la Escuela de Trabajo Social de<br \/>\nla Universidad de San Carlos de Guatemala<\/td>\n<td><a href=\"http:\/\/ls3.usac.edu.gt\/trabajosocial\/iiets\/Pub201607.pdf\">Pub201607.pdf<\/a><\/td>\n<\/tr>\n<tr>\n<td bgcolor=\"#999999\" height=\"26\">\n<div align=\"center\">8<\/div>\n<\/td>\n<td bgcolor=\"#999999\" width=\"597\">Saberes y conocimientos ancestrales de la vida comunitaria o kojb\u2019il desde la<br \/>\ncosmovisi\u00f3n maya de San Ildefonso Ixtahuac\u00e1n, Huehuetenango<\/td>\n<td bgcolor=\"#999999\"><a href=\"http:\/\/ls3.usac.edu.gt\/trabajosocial\/iiets\/Pub201608.pdf\">Pub201608.pdf<\/a><\/td>\n<\/tr>\n<tr>\n<td height=\"26\">\n<div align=\"center\">9<\/div>\n<\/td>\n<td width=\"597\">La Vulnerabilidad Ambiental en Guatemala<\/td>\n<td><a href=\"http:\/\/ls3.usac.edu.gt\/trabajosocial\/iiets\/Pub201609.pdf\">Pub201609.pdf<\/a><\/td>\n<\/tr>\n<tr>\n<td height=\"26\">\n<div align=\"center\">10<\/div>\n<\/td>\n<td width=\"597\">Propuesta para el cambio del color de los elementos (bonete y esclavina) de la toga de la Escuela de Trabajo Social<\/td>\n<td><a href=\"http:\/\/ls3.usac.edu.gt\/trabajosocial\/iiets\/Pub201610.pdf\">Pub201610.pdf<\/a><\/td>\n<\/tr>\n<tr>\n<td height=\"26\">\n<div align=\"center\">11<\/div>\n<\/td>\n<td width=\"597\">Aproximaciones Epistemol\u00f3gicas de la Convivencia Comunitaria desde la Cosmovisi\u00f3n Maya<\/td>\n<td><a href=\"http:\/\/ls3.usac.edu.gt\/trabajosocial\/iiets\/Pub201611.pdf\">Pub201611.pdf<\/a><\/td>\n<\/tr>\n<\/tbody>\n<\/table>\n","protected":false},"excerpt":{"rendered":"<p>PUBLICACIONES INSTITUTO DE INVESTIGACIONES T.S. ANGELA AYALA &nbsp; ORDEN TITULO PDF 1 An\u00e1lisis de la ense\u00f1anza de la metodolog\u00eda de Trabajo Social, en la Escuela de<span class=\"excerpt-hellip\"> [\u2026]<\/span><\/p>\n","protected":false},"author":9,"featured_media":0,"parent":0,"menu_order":0,"comment_status":"closed","ping_status":"closed","template":"","meta":{"footnotes":""},"class_list":["post-3916","page","type-page","status-publish","hentry"],"_links":{"self":[{"href":"https:\/\/trabajosocial.usac.edu.gt\/index.php?rest_route=\/wp\/v2\/pages\/3916","targetHints":{"allow":["GET"]}}],"collection":[{"href":"https:\/\/trabajosocial.usac.edu.gt\/index.php?rest_route=\/wp\/v2\/pages"}],"about":[{"href":"https:\/\/trabajosocial.usac.edu.gt\/index.php?rest_route=\/wp\/v2\/types\/page"}],"author":[{"embeddable":true,"href":"https:\/\/trabajosocial.usac.edu.gt\/index.php?rest_route=\/wp\/v2\/users\/9"}],"replies":[{"embeddable":true,"href":"https:\/\/trabajosocial.usac.edu.gt\/index.php?rest_route=%2Fwp%2Fv2%2Fcomments&post=3916"}],"version-history":[{"count":5,"href":"https:\/\/trabajosocial.usac.edu.gt\/index.php?rest_route=\/wp\/v2\/pages\/3916\/revisions"}],"predecessor-version":[{"id":4316,"href":"https:\/\/trabajosocial.usac.edu.gt\/index.php?rest_route=\/wp\/v2\/pages\/3916\/revisions\/4316"}],"wp:attachment":[{"href":"https:\/\/trabajosocial.usac.edu.gt\/index.php?rest_route=%2Fwp%2Fv2%2Fmedia&parent=3916"}],"curies":[{"name":"wp","href":"https:\/\/api.w.org\/{rel}","templated":true}]}}